{"id":10677,"date":"2022-02-21T09:31:42","date_gmt":"2022-02-21T08:31:42","guid":{"rendered":"https:\/\/www.pfarrplatz.at\/impronta\/"},"modified":"2024-03-18T13:59:32","modified_gmt":"2024-03-18T12:59:32","slug":"impronta","status":"publish","type":"page","link":"https:\/\/www.pfarrplatz.at\/it\/impronta\/","title":{"rendered":"Impronta"},"content":{"rendered":"<div class=\"fusion-fullwidth fullwidth-box fusion-builder-row-1 fusion-flex-container nonhundred-percent-fullwidth non-hundred-percent-height-scrolling\" style=\"--awb-border-radius-top-left:0px;--awb-border-radius-top-right:0px;--awb-border-radius-bottom-right:0px;--awb-border-radius-bottom-left:0px;--awb-padding-top:50px;--awb-flex-wrap:wrap;\" ><div class=\"fusion-builder-row fusion-row fusion-flex-align-items-flex-start fusion-flex-content-wrap\" style=\"max-width:104%;margin-left: calc(-4% \/ 2 );margin-right: calc(-4% \/ 2 );\"><div class=\"fusion-layout-column fusion_builder_column fusion-builder-column-0 fusion_builder_column_1_2 1_2 fusion-flex-column\" style=\"--awb-bg-blend:overlay;--awb-bg-size:cover;--awb-width-large:50%;--awb-margin-top-large:0px;--awb-spacing-right-large:3.84%;--awb-margin-bottom-large:0px;--awb-spacing-left-large:3.84%;--awb-width-medium:50%;--awb-spacing-right-medium:3.84%;--awb-spacing-left-medium:3.84%;--awb-width-small:100%;--awb-spacing-right-small:1.92%;--awb-spacing-left-small:1.92%;\"><div class=\"fusion-column-wrapper fusion-flex-justify-content-flex-start fusion-content-layout-column\"><div class=\"fusion-text fusion-text-1\" style=\"--awb-text-transform:none;\"><p><strong>DIVULGAZIONE AI SENSI DEL \u00a7 25 DELLA LEGGE SUI MEDIA<br \/>\nEtichettatura in base a UGB ed ECG<\/strong><\/p>\n<p><strong>Proprietario del sito<\/strong><\/p>\n<p>Pfarrplatz Gastronomiebetriebs GmbH<br \/>\nPiazza della parrocchia 2<br \/>\n1190 Vienna<\/p>\n<p><strong>Organismi di rappresentanza autorizzati<\/strong><\/p>\n<p>Clemens Keller<br \/>\nFreddy Schmid<\/p>\n<p><strong>Informazioni di contatto<\/strong><\/p>\n<p>Telefono: 0043 1 370 12 87<br \/>\ne-mail: <a href=\"mailto:mayer@pfarrplatz.at\">mayer@pfarrplatz.at<\/a><br \/>\nNumero di registro dell&#8217;azienda: FN 95985f<br \/>\nNumero UID: ATU 15707402<\/p>\n<p><strong>Uffici responsabili <\/strong><\/p>\n<p>Tribunale del registro commerciale: Tribunale commerciale di Vienna<br \/>\nAutorit\u00e0 di vigilanza: Magistrato\/Autorit\u00e0 commerciale della citt\u00e0 di Vienna<br \/>\nLegislazione applicabile: Legge sulla regolamentazione del commercio (GewO) su www.ris.bka.gv.at.<br \/>\nCamera: Camera di Commercio di Vienna, Divisione Catering<\/p>\n<p><strong>Campo di attivit\u00e0<\/strong><\/p>\n<p>Gastronomia<\/p>\n<\/div><\/div><\/div><div class=\"fusion-layout-column fusion_builder_column fusion-builder-column-1 fusion_builder_column_1_2 1_2 fusion-flex-column\" style=\"--awb-bg-blend:overlay;--awb-bg-size:cover;--awb-width-large:50%;--awb-margin-top-large:0px;--awb-spacing-right-large:3.84%;--awb-margin-bottom-large:0px;--awb-spacing-left-large:3.84%;--awb-width-medium:50%;--awb-spacing-right-medium:3.84%;--awb-spacing-left-medium:3.84%;--awb-width-small:100%;--awb-spacing-right-small:1.92%;--awb-spacing-left-small:1.92%;\"><div class=\"fusion-column-wrapper fusion-flex-justify-content-flex-start fusion-content-layout-column\"><div class=\"fusion-text fusion-text-2\"><p><strong style=\"background-color: rgba(255, 255, 255, 0); color: var(--body_typography-color); font-family: var(--body_typography-font-family); font-size: var(--body_typography-font-size); font-style: var(--body_typography-font-style,normal); letter-spacing: var(--body_typography-letter-spacing);\">Direzione del sito web &#8220;Leaf line<\/strong><\/p>\n<p>Il sito web www.pfarrplatz.at viene utilizzato solo per pubblicizzare e vendere beni e per presentare l&#8217;azienda.<\/p>\n<p><strong>Note e disclaimer<\/strong><br \/>\nIn considerazione delle caratteristiche tecniche di Internet, non \u00e8 possibile garantire l&#8217;autenticit\u00e0, l&#8217;accuratezza e la completezza delle informazioni rese disponibili su Internet. Non si garantisce la disponibilit\u00e0 o il funzionamento di questo sito web e dei suoi contenuti. Qualsiasi responsabilit\u00e0 per danni diretti, indiretti o di altro tipo, indipendentemente dalle cause, derivanti dall&#8217;uso o dalla mancata disponibilit\u00e0 dei dati e delle informazioni presenti su questo sito web \u00e8 esclusa nella misura consentita dalla legge. Il contenuto di questa homepage \u00e8 protetto da copyright. Le informazioni sono destinate esclusivamente all&#8217;uso personale. \u00c8 vietato qualsiasi ulteriore utilizzo, in particolare l&#8217;archiviazione in banche dati, la duplicazione e qualsiasi forma di uso commerciale, nonch\u00e9 la divulgazione a terzi &#8211; anche in parte o in forma modificata &#8211; senza il consenso della rispettiva organizzazione. \u00c8 vietata l&#8217;integrazione di singole pagine del nostro sito web in frame esterni. Nella misura in cui le denominazioni personali sono usate solo nella forma maschile nel contenuto, si riferiscono a donne e uomini allo stesso modo.<\/p>\n<\/div><\/div><\/div><\/div><\/div>\n","protected":false},"excerpt":{"rendered":"","protected":false},"author":1,"featured_media":0,"parent":0,"menu_order":0,"comment_status":"closed","ping_status":"closed","template":"","meta":{"_acf_changed":false,"footnotes":""},"class_list":["post-10677","page","type-page","status-publish","hentry"],"acf":[],"yoast_head":"<!-- This site is optimized with the Yoast SEO plugin v27.5 - https:\/\/yoast.com\/product\/yoast-seo-wordpress\/ -->\n<title>Impronta - Heuriger Mayer am Pfarrplatz<\/title>\n<meta name=\"robots\" content=\"index, follow, max-snippet:-1, max-image-preview:large, max-video-preview:-1\" \/>\n<link rel=\"canonical\" href=\"https:\/\/www.pfarrplatz.at\/it\/impronta\/\" \/>\n<meta property=\"og:locale\" content=\"it_IT\" \/>\n<meta property=\"og:type\" content=\"article\" \/>\n<meta property=\"og:title\" content=\"Impronta - Heuriger Mayer am Pfarrplatz\" \/>\n<meta property=\"og:url\" content=\"https:\/\/www.pfarrplatz.at\/it\/impronta\/\" \/>\n<meta property=\"og:site_name\" content=\"Heuriger Mayer am Pfarrplatz\" \/>\n<meta property=\"article:publisher\" content=\"https:\/\/www.facebook.com\/mayerampfarrplatz\" \/>\n<meta property=\"article:modified_time\" content=\"2024-03-18T12:59:32+00:00\" \/>\n<meta name=\"twitter:card\" content=\"summary_large_image\" \/>\n<meta name=\"twitter:label1\" content=\"Tempo di lettura stimato\" \/>\n\t<meta name=\"twitter:data1\" content=\"2 minuti\" \/>\n<script type=\"application\/ld+json\" class=\"yoast-schema-graph\">{\"@context\":\"https:\\\/\\\/schema.org\",\"@graph\":[{\"@type\":\"WebPage\",\"@id\":\"https:\\\/\\\/www.pfarrplatz.at\\\/it\\\/impronta\\\/\",\"url\":\"https:\\\/\\\/www.pfarrplatz.at\\\/it\\\/impronta\\\/\",\"name\":\"Impronta - Heuriger Mayer am Pfarrplatz\",\"isPartOf\":{\"@id\":\"https:\\\/\\\/www.pfarrplatz.at\\\/de\\\/#website\"},\"datePublished\":\"2022-02-21T08:31:42+00:00\",\"dateModified\":\"2024-03-18T12:59:32+00:00\",\"breadcrumb\":{\"@id\":\"https:\\\/\\\/www.pfarrplatz.at\\\/it\\\/impronta\\\/#breadcrumb\"},\"inLanguage\":\"it-IT\",\"potentialAction\":[{\"@type\":\"ReadAction\",\"target\":[\"https:\\\/\\\/www.pfarrplatz.at\\\/it\\\/impronta\\\/\"]}]},{\"@type\":\"BreadcrumbList\",\"@id\":\"https:\\\/\\\/www.pfarrplatz.at\\\/it\\\/impronta\\\/#breadcrumb\",\"itemListElement\":[{\"@type\":\"ListItem\",\"position\":1,\"name\":\"Sito iniziale\",\"item\":\"https:\\\/\\\/www.pfarrplatz.at\\\/it\\\/\"},{\"@type\":\"ListItem\",\"position\":2,\"name\":\"Impronta\"}]},{\"@type\":\"WebSite\",\"@id\":\"https:\\\/\\\/www.pfarrplatz.at\\\/de\\\/#website\",\"url\":\"https:\\\/\\\/www.pfarrplatz.at\\\/de\\\/\",\"name\":\"Heuriger Mayer am Pfarrplatz\",\"description\":\"\",\"publisher\":{\"@id\":\"https:\\\/\\\/www.pfarrplatz.at\\\/de\\\/#organization\"},\"potentialAction\":[{\"@type\":\"SearchAction\",\"target\":{\"@type\":\"EntryPoint\",\"urlTemplate\":\"https:\\\/\\\/www.pfarrplatz.at\\\/de\\\/?s={search_term_string}\"},\"query-input\":{\"@type\":\"PropertyValueSpecification\",\"valueRequired\":true,\"valueName\":\"search_term_string\"}}],\"inLanguage\":\"it-IT\"},{\"@type\":\"Organization\",\"@id\":\"https:\\\/\\\/www.pfarrplatz.at\\\/de\\\/#organization\",\"name\":\"Heuriger Mayer am Pfarrplatz\",\"url\":\"https:\\\/\\\/www.pfarrplatz.at\\\/de\\\/\",\"logo\":{\"@type\":\"ImageObject\",\"inLanguage\":\"it-IT\",\"@id\":\"https:\\\/\\\/www.pfarrplatz.at\\\/de\\\/#\\\/schema\\\/logo\\\/image\\\/\",\"url\":\"https:\\\/\\\/www.pfarrplatz.at\\\/wp-content\\\/uploads\\\/sites\\\/25\\\/2022\\\/02\\\/mayer_am_pfarrplatz-1-1-300x300-1.png\",\"contentUrl\":\"https:\\\/\\\/www.pfarrplatz.at\\\/wp-content\\\/uploads\\\/sites\\\/25\\\/2022\\\/02\\\/mayer_am_pfarrplatz-1-1-300x300-1.png\",\"width\":300,\"height\":300,\"caption\":\"Heuriger Mayer am Pfarrplatz\"},\"image\":{\"@id\":\"https:\\\/\\\/www.pfarrplatz.at\\\/de\\\/#\\\/schema\\\/logo\\\/image\\\/\"},\"sameAs\":[\"https:\\\/\\\/www.facebook.com\\\/mayerampfarrplatz\",\"https:\\\/\\\/www.instagram.com\\\/mayerampfarrplatz.pfarrwirt\\\/\"]}]}<\/script>\n<!-- \/ Yoast SEO plugin. -->","yoast_head_json":{"title":"Impronta - Heuriger Mayer am Pfarrplatz","robots":{"index":"index","follow":"follow","max-snippet":"max-snippet:-1","max-image-preview":"max-image-preview:large","max-video-preview":"max-video-preview:-1"},"canonical":"https:\/\/www.pfarrplatz.at\/it\/impronta\/","og_locale":"it_IT","og_type":"article","og_title":"Impronta - Heuriger Mayer am Pfarrplatz","og_url":"https:\/\/www.pfarrplatz.at\/it\/impronta\/","og_site_name":"Heuriger Mayer am Pfarrplatz","article_publisher":"https:\/\/www.facebook.com\/mayerampfarrplatz","article_modified_time":"2024-03-18T12:59:32+00:00","twitter_card":"summary_large_image","twitter_misc":{"Tempo di lettura stimato":"2 minuti"},"schema":{"@context":"https:\/\/schema.org","@graph":[{"@type":"WebPage","@id":"https:\/\/www.pfarrplatz.at\/it\/impronta\/","url":"https:\/\/www.pfarrplatz.at\/it\/impronta\/","name":"Impronta - Heuriger Mayer am Pfarrplatz","isPartOf":{"@id":"https:\/\/www.pfarrplatz.at\/de\/#website"},"datePublished":"2022-02-21T08:31:42+00:00","dateModified":"2024-03-18T12:59:32+00:00","breadcrumb":{"@id":"https:\/\/www.pfarrplatz.at\/it\/impronta\/#breadcrumb"},"inLanguage":"it-IT","potentialAction":[{"@type":"ReadAction","target":["https:\/\/www.pfarrplatz.at\/it\/impronta\/"]}]},{"@type":"BreadcrumbList","@id":"https:\/\/www.pfarrplatz.at\/it\/impronta\/#breadcrumb","itemListElement":[{"@type":"ListItem","position":1,"name":"Sito iniziale","item":"https:\/\/www.pfarrplatz.at\/it\/"},{"@type":"ListItem","position":2,"name":"Impronta"}]},{"@type":"WebSite","@id":"https:\/\/www.pfarrplatz.at\/de\/#website","url":"https:\/\/www.pfarrplatz.at\/de\/","name":"Heuriger Mayer am Pfarrplatz","description":"","publisher":{"@id":"https:\/\/www.pfarrplatz.at\/de\/#organization"},"potentialAction":[{"@type":"SearchAction","target":{"@type":"EntryPoint","urlTemplate":"https:\/\/www.pfarrplatz.at\/de\/?s={search_term_string}"},"query-input":{"@type":"PropertyValueSpecification","valueRequired":true,"valueName":"search_term_string"}}],"inLanguage":"it-IT"},{"@type":"Organization","@id":"https:\/\/www.pfarrplatz.at\/de\/#organization","name":"Heuriger Mayer am Pfarrplatz","url":"https:\/\/www.pfarrplatz.at\/de\/","logo":{"@type":"ImageObject","inLanguage":"it-IT","@id":"https:\/\/www.pfarrplatz.at\/de\/#\/schema\/logo\/image\/","url":"https:\/\/www.pfarrplatz.at\/wp-content\/uploads\/sites\/25\/2022\/02\/mayer_am_pfarrplatz-1-1-300x300-1.png","contentUrl":"https:\/\/www.pfarrplatz.at\/wp-content\/uploads\/sites\/25\/2022\/02\/mayer_am_pfarrplatz-1-1-300x300-1.png","width":300,"height":300,"caption":"Heuriger Mayer am Pfarrplatz"},"image":{"@id":"https:\/\/www.pfarrplatz.at\/de\/#\/schema\/logo\/image\/"},"sameAs":["https:\/\/www.facebook.com\/mayerampfarrplatz","https:\/\/www.instagram.com\/mayerampfarrplatz.pfarrwirt\/"]}]}},"_links":{"self":[{"href":"https:\/\/www.pfarrplatz.at\/it\/wp-json\/wp\/v2\/pages\/10677","targetHints":{"allow":["GET"]}}],"collection":[{"href":"https:\/\/www.pfarrplatz.at\/it\/wp-json\/wp\/v2\/pages"}],"about":[{"href":"https:\/\/www.pfarrplatz.at\/it\/wp-json\/wp\/v2\/types\/page"}],"author":[{"embeddable":true,"href":"https:\/\/www.pfarrplatz.at\/it\/wp-json\/wp\/v2\/users\/1"}],"replies":[{"embeddable":true,"href":"https:\/\/www.pfarrplatz.at\/it\/wp-json\/wp\/v2\/comments?post=10677"}],"version-history":[{"count":2,"href":"https:\/\/www.pfarrplatz.at\/it\/wp-json\/wp\/v2\/pages\/10677\/revisions"}],"predecessor-version":[{"id":11440,"href":"https:\/\/www.pfarrplatz.at\/it\/wp-json\/wp\/v2\/pages\/10677\/revisions\/11440"}],"wp:attachment":[{"href":"https:\/\/www.pfarrplatz.at\/it\/wp-json\/wp\/v2\/media?parent=10677"}],"curies":[{"name":"wp","href":"https:\/\/api.w.org\/{rel}","templated":true}]}}

<div class="fusion-fullwidth fullwidth-box fusion-builder-row-1 fusion-flex-container nonhundred-percent-fullwidth non-hundred-percent-height-scrolling" style="--awb-border-radius-top-left:0px;--awb-border-radius-top-right:0px;--awb-border-radius-bottom-right:0px;--awb-border-radius-bottom-left:0px;--awb-padding-top:50px;--awb-flex-wrap:wrap;" ><div class="fusion-builder-row fusion-row fusion-flex-align-items-flex-start fusion-flex-content-wrap" style="max-width:104%;margin-left: calc(-4% / 2 );margin-right: calc(-4% / 2 );"><div class="fusion-layout-column fusion_builder_column fusion-builder-column-0 fusion_builder_column_1_2 1_2 fusion-flex-column" style="--awb-bg-blend:overlay;--awb-bg-size:cover;--awb-width-large:50%;--awb-margin-top-large:0px;--awb-spacing-right-large:3.84%;--awb-margin-bottom-large:0px;--awb-spacing-left-large:3.84%;--awb-width-medium:50%;--awb-spacing-right-medium:3.84%;--awb-spacing-left-medium:3.84%;--awb-width-small:100%;--awb-spacing-right-small:1.92%;--awb-spacing-left-small:1.92%;"><div class="fusion-column-wrapper fusion-flex-justify-content-flex-start fusion-content-layout-column"><div class="fusion-text fusion-text-1" style="--awb-text-transform:none;"><p><strong>DIVULGAZIONE AI SENSI DEL § 25 DELLA LEGGE SUI MEDIA<br />
Etichettatura in base a UGB ed ECG</strong></p>
<p><strong>Proprietario del sito</strong></p>
<p>Pfarrplatz Gastronomiebetriebs GmbH<br />
Piazza della parrocchia 2<br />
1190 Vienna</p>
<p><strong>Organismi di rappresentanza autorizzati</strong></p>
<p>Clemens Keller<br />
Freddy Schmid</p>
<p><strong>Informazioni di contatto</strong></p>
<p>Telefono: 0043 1 370 12 87<br />
e-mail: <a href="mailto:mayer@pfarrplatz.at">mayer@pfarrplatz.at</a><br />
Numero di registro dell&#8217;azienda: FN 95985f<br />
Numero UID: ATU 15707402</p>
<p><strong>Uffici responsabili </strong></p>
<p>Tribunale del registro commerciale: Tribunale commerciale di Vienna<br />
Autorità di vigilanza: Magistrato/Autorità commerciale della città di Vienna<br />
Legislazione applicabile: Legge sulla regolamentazione del commercio (GewO) su www.ris.bka.gv.at.<br />
Camera: Camera di Commercio di Vienna, Divisione Catering</p>
<p><strong>Campo di attività</strong></p>
<p>Gastronomia</p>
</div></div></div><div class="fusion-layout-column fusion_builder_column fusion-builder-column-1 fusion_builder_column_1_2 1_2 fusion-flex-column" style="--awb-bg-blend:overlay;--awb-bg-size:cover;--awb-width-large:50%;--awb-margin-top-large:0px;--awb-spacing-right-large:3.84%;--awb-margin-bottom-large:0px;--awb-spacing-left-large:3.84%;--awb-width-medium:50%;--awb-spacing-right-medium:3.84%;--awb-spacing-left-medium:3.84%;--awb-width-small:100%;--awb-spacing-right-small:1.92%;--awb-spacing-left-small:1.92%;"><div class="fusion-column-wrapper fusion-flex-justify-content-flex-start fusion-content-layout-column"><div class="fusion-text fusion-text-2"><p><strong style="background-color: rgba(255, 255, 255, 0); color: var(--body_typography-color); font-family: var(--body_typography-font-family); font-size: var(--body_typography-font-size); font-style: var(--body_typography-font-style,normal); letter-spacing: var(--body_typography-letter-spacing);">Direzione del sito web &#8220;Leaf line</strong></p>
<p>Il sito web www.pfarrplatz.at viene utilizzato solo per pubblicizzare e vendere beni e per presentare l&#8217;azienda.</p>
<p><strong>Note e disclaimer</strong><br />
In considerazione delle caratteristiche tecniche di Internet, non è possibile garantire l&#8217;autenticità, l&#8217;accuratezza e la completezza delle informazioni rese disponibili su Internet. Non si garantisce la disponibilità o il funzionamento di questo sito web e dei suoi contenuti. Qualsiasi responsabilità per danni diretti, indiretti o di altro tipo, indipendentemente dalle cause, derivanti dall&#8217;uso o dalla mancata disponibilità dei dati e delle informazioni presenti su questo sito web è esclusa nella misura consentita dalla legge. Il contenuto di questa homepage è protetto da copyright. Le informazioni sono destinate esclusivamente all&#8217;uso personale. È vietato qualsiasi ulteriore utilizzo, in particolare l&#8217;archiviazione in banche dati, la duplicazione e qualsiasi forma di uso commerciale, nonché la divulgazione a terzi &#8211; anche in parte o in forma modificata &#8211; senza il consenso della rispettiva organizzazione. È vietata l&#8217;integrazione di singole pagine del nostro sito web in frame esterni. Nella misura in cui le denominazioni personali sono usate solo nella forma maschile nel contenuto, si riferiscono a donne e uomini allo stesso modo.</p>
</div></div></div></div></div>
